 10
49
Convert b9 (base 13) to base 10.
152
Convert 0 (base 8) to base 12.
0
Convert -1 (base 14) to base 3.
-1
1 (base 5) to base 14
1
What is 100 (base 2) in base 13?
4
What is 2 (base 16) in base 15?
2
What is 11101000 (base 2) in base 4?
3220
What is 12 (base 4) in base 3?
20
4 (base 7) to base 4
10
Convert -a7 (base 11) to base 4.
-1311
What is -22 (base 3) in base 11?
-8
What is 1 (base 15) in base 9?
1
What is e (base 16) in base 6?
22
What is -4 (base 12) in base 5?
-4
-17 (base 14) to base 12
-19
What is -121 (base 3) in base 11?
-15
84 (base 14) to base 2
1110100
Convert -1 (base 12) to base 6.
-1
1011 (base 2) to base 9
12
What is -2 (base 15) in base 12?
-2
What is 20 (base 6) in base 13?
c
3 (base 9) to base 3
10
Convert -19 (base 14) to base 11.
-21
What is 31 (base 7) in base 16?
16
What is 6 (base 8) in base 9?
6
3 (base 14) to base 2
11
What is 0 (base 11) in base 10?
0
13 (base 4) to base 12
7
Convert -228 (base 9) to base 13.
-116
-2 (base 4) to base 8
-2
Convert 1 (base 13) to base 7.
1
Convert 2132 (base 4) to base 2.
10011110
What is -111 (base 4) in base 16?
-15
4 (base 15) to base 5
4
What is -3a (base 14) in base 2?
-110100
-144 (base 15) to base 12
-201
Convert -213 (base 4) to base 9.
-43
Convert -20 (base 10) to base 7.
-26
Convert 5 (base 14) to base 4.
11
What is -24b (base 12) in base 13?
-209
What is -33 (base 4) in base 9?
-16
0 (base 5) to base 15
0
Convert 236 (base 11) to base 7.
551
Convert 17a (base 11) to base 12.
154
What is -39 (base 10) in base 4?
-213
What is -7 (base 8) in base 12?
-7
0 (base 7) to base 2
0
-106 (base 12) to base 14
-aa
2 (base 3) to base 11
2
-3 (base 12) to base 15
-3
2111 (base 3) to base 10
67
-6 (base 16) to base 4
-12
What is -3 (base 16) in base 6?
-3
-1 (base 5) to base 3
-1
Convert 17 (base 16) to base 13.
1a
0 (base 5) to base 11
0
Convert -200 (base 3) to base 8.
-22
What is -2 (base 4) in base 16?
-2
Convert -4 (base 11) to base 14.
-4
What is -4 (base 6) in base 2?
-100
-55 (base 16) to base 10
-85
3 (base 16) to base 15
3
What is 3 (base 6) in base 11?
3
What is 100100 (base 2) in base 7?
51
What is 4 (base 12) in base 9?
4
What is 1 (base 5) in base 2?
1
-86 (base 9) to base 2
-1001110
-15a (base 11) to base 6
-510
What is 0 (base 16) in base 7?
0
Convert -33 (base 8) to base 14.
-1d
-1002 (base 3) to base 6
-45
-8 (base 14) to base 12
-8
Convert 17 (base 14) to base 2.
10101
What is a (base 12) in base 3?
101
Convert 64 (base 10) to base 7.
121
30 (base 13) to base 10
39
What is -555 (base 6) in base 15?
-e5
What is -6 (base 13) in base 7?
-6
What is -14 (base 14) in base 7?
-24
-10101 (base 2) to base 12
-19
What is 2 (base 8) in base 16?
2
Convert 1 (base 4) to base 13.
1
What is 10a (base 14) in base 7?
413
What is 1 (base 3) in base 11?
1
21 (base 8) to base 15
12
What is -4 (base 7) in base 11?
-4
400 (base 5) to base 9
121
6 (base 9) to base 2
110
Convert -13 (base 5) to base 13.
-8
-42 (base 13) to base 4
-312
What is 140 (base 5) in base 14?
33
205 (base 6) to base 9
85
Convert -27 (base 16) to base 7.
-54
2 (base 9) to base 11
2
What is -3 (base 6) in base 15?
-3
2 (base 16) to base 6
2
What is 24 (base 11) in base 8?
32
What is 0 (base 7) in base 16?
0
What is -23 (base 4) in base 9?
-12
What is a7 (base 12) in base 8?
177
21 (base 5) to base 3
102
-126 (base 7) to base 5
-234
Convert 413 (base 6) to base 10.
153
-12 (base 13) to base 16
-f
What is -18 (base 9) in base 10?
-17
38 (base 15) to base 4
311
Convert 102 (base 9) to base 12.
6b
2221 (base 3) to base 12
67
What is -40 (base 9) in base 2?
-100100
Convert -137 (base 11) to base 7.
-320
Convert -6 (base 9) to base 5.
-11
Convert 0 (base 5) to base 14.
0
Convert -12 (base 10) to base 6.
-20
What is -5 (base 9) in base 5?
-10
What is -10000 (base 2) in base 4?
-100
244 (base 7) to base 2
10000010
1 (base 3) to base 16
1
What is -1020 (base 4) in base 8?
-110
Convert -33 (base 4) to base 15.
-10
116 (base 14) to base 10
216
Convert 61 (base 15) to base 12.
77
What is 10 (base 13) in base 8?
15
Convert -1 (base 8) to base 3.
-1
-4 (base 13) to base 8
-4
-3a (base 15) to base 11
-50
85 (base 9) to base 11
70
What is 20 (base 4) in base 12?
8
10 (base 2) to base 6
2
41 (base 6) to base 5
100
51 (base 10) to base 11
47
Convert 0 (base 16) to base 7.
0
-7 (base 14) to base 2
-111
1a (base 13) to base 10
23
What is -4 (base 16) in base 13?
-4
-11 (base 5) to base 7
-6
What is -12 (base 6) in base 12?
-8
What is -1 (base 14) in base 16?
-1
0 (base 15) to base 14
0
What is 20 (base 5) in base 14?
a
13 (base 9) to base 14
c
-13 (base 5) to base 13
-8
Convert -49 (base 15) to base 2.
-1000101
-1122 (base 4) to base 6
-230
What is -1 (base 2) in base 14?
-1
What is -15 (base 6) in base 11?
-10
What is -2 (base 6) in base 8?
-2
111000 (base 2) to base 6
132
205 (base 7) to base 12
87
Convert -2a (base 14) to base 9.
-42
d (base 15) to base 6
21
Convert -3 (base 15) to base 14.
-3
71 (base 10) to base 3
2122
What is -220 (base 3) in base 6?
-40
-2 (base 3) to base 16
-2
Convert -124 (base 9) to base 16.
-67
Convert -c (base 13) to base 7.
-15
What is 2a (base 16) in base 6?
110
-1110 (base 4) to base 9
-103
Convert 14 (base 10) to base 12.
12
-2000 (base 5) to base 14
-13c
Convert 154 (base 6) to base 13.
55
What is 2 (base 12) in base 8?
2
Convert 10001 (base 2) to base 7.
23
8 (base 12) to base 6
12
What is 9a (base 11) in base 5?
414
Convert -71 (base 11) to base 14.
-58
89 (base 15) to base 14
93
What is -110011 (base 2) in base 15?
-36
42 (base 12) to base 15
35
Convert -3 (base 10) to base 14.
-3
Convert -23 (base 7) to base 11.
-16
What is -1 (base 7) in base 15?
-1
-1122 (base 4) to base 7
-156
What is 148 (base 10) in base 6?
404
Convert 1 (base 9) to base 10.
1
111 (base 4) to base 9
23
Convert -332 (base 6) to base 13.
-9b
Convert 0 (base 16) to base 7.
0
What is -100 (base 2) in base 7?
-4
Convert -102 (base 3) to base 11.
-10
What is -4 (base 15) in base 8?
-4
Convert 24 (base 5) to base 13.
11
Convert -1201 (base 3) to base 4.
-232
Convert 0 (base 3) to base 16.
0
What is -19 (base 13) in base 12?
-1a
Convert -3 (base 13) to base 15.
-3
What is -1011 (base 3) in base 6?
-51
Convert -3002 (base 4) to base 16.
-c2
What is 114 (base 10) in base 6?
310
14 (base 5) to base 10
9
What is 10 (base 2) in base 11?
2
Convert 277 (base 10) to base 9.
337
What is -4 (base 8) in base 15?
-4
Convert -46 (base 7) to base 9.
-37
3123 (base 4) to base 3
22010
b (base 14) to base 6
15
Convert -3 (base 10) to base 13.
-3
What is 47 (base 16) in base 8?
107
Convert 7 (base 8) to base 6.
11
Convert 2 (base 8) to base 5.
2
Convert -5 (base 13) to base 11.
-5
What is -55 (base 12) in base 9?
-72
What is 20 (base 8) in base 6?
24
-1 (base 12) to base 5
-1
4 (base 12) to base 15
4
What is -4 (base 16) in base 3?
-11
Convert 6 (base 7) to base 11.
6
1 (base 5) to base 14
1
Convert -9 (base 11) to base 12.
-9
Convert 151 (base 8) to base 3.
10220
-1 (base 4) to base 6
-1
Convert 10 (base 4) to base 7.
4
-5 (base 11) to base 9
-5
2 (base 9) to base 10
2
What is 6 (base 16) in base 8?
6
What is -32 (base 4) in base 3?
-112
What is 316 (base 11) in base 10?
380
What is -86 (base 9) in base 2?
-1001110
Convert 11 (base 2) to base 11.
3
What is -11 (base 4) in base 2?
-101
What is -22 (base 14) in base 7?
-42
Convert 19 (base 16) to base 9.
27
Convert -3 (base 14) to base 11.
-3
-77 (base 11) to base 3
-10010
What is -46 (base 11) in base 9?
-55
-12 (base 4) to base 11
-6
Convert -4 (base 7) to base 14.
-4
What is 9 (base 10) in base 9?
10
Convert 51 (base 6) to base 2.
11111
Convert 2b (base 13) to base 11.
34
Convert 5 (base 8) to base 5.
10
Convert 1 (base 5) to base 16.
1
-8 (base 12) to base 9
-8
-6 (base 9) to base 4
-12
What is -112 (base 3) in base 8?
-16
What is 4 (base 9) in base 5?
4
-141 (base 6) to base 9
-67
22 (base 5) to base 6
20
13 (base 6) to base 10
9
Convert 0 (base 10) to base 12.
0
Convert 2 (base 15) to base 5.
2
Convert -10 (base 2) to base 14.
-2
-135 (base 10) to base 8
-207
1a (base 15) to base 7
34
Convert 2 (base 14) to base 9.
2
What is -1 (base 2) in base 9?
-1
What is -36 (base 14) in base 16?
-30
-112 (base 3) to base 6
-22
-1 (base 15) to base 16
-1
What is 2a (base 15) in base 5?
130
1 (base 10)